d by 38.
13
What is the remainder when 1623 is divided by 13?
11
Calculate the remainder when 264 is divided by 93.
78
What is the remainder when 222 is divided by 25?
22
Calculate the remainder when 486 is divided by 86.
56
What is the remainder when 108 is divided by 41?
26
What is the remainder when 217 is divided by 41?
12
What is the remainder when 5230 is divided by 24?
22
What is the remainder when 274 is divided by 40?
34
Calculate the remainder when 33 is divided by 12.
9
Calculate the remainder when 227 is divided by 27.
11
What is the remainder when 172 is divided by 162?
10
Calculate the remainder when 405 is divided by 134.
3
What is the remainder when 2022 is divided by 4?
2
Calculate the remainder when 9208 is divided by 10.
8
What is the remainder when 609 is divided by 34?
31
Calculate the remainder when 171 is divided by 52.
15
What is the remainder when 103 is divided by 14?
5
Calculate the remainder when 4183 is divided by 261.
7
Calculate the remainder when 48 is divided by 3.
0
What is the remainder when 1401 is divided by 88?
81
Calculate the remainder when 2086 is divided by 512.
38
What is the remainder when 336 is divided by 43?
35
What is the remainder when 176 is divided by 94?
82
What is the remainder when 2161 is divided by 103?
101
What is the remainder when 68 is divided by 25?
18
What is the remainder when 1446 is divided by 50?
46
Calculate the remainder when 452 is divided by 148.
8
What is the remainder when 35 is divided by 24?
11
Calculate the remainder when 568 is divided by 142.
0
What is the remainder when 16540 is divided by 119?
118
Calculate the remainder when 19 is divided by 7.
5
What is the remainder when 1500 is divided by 249?
6
What is the remainder when 245 is divided by 22?
3
Calculate the remainder when 197 is divided by 18.
17
Calculate the remainder when 140 is divided by 21.
14
Calculate the remainder when 61 is divided by 12.
1
Calculate the remainder when 852 is divided by 18.
6
Calculate the remainder when 8936 is divided by 30.
26
Calculate the remainder when 4738 is divided by 83.
7
Calculate the remainder when 58 is divided by 20.
18
What is the remainder when 489 is divided by 45?
39
What is the remainder when 92 is divided by 42?
8
What is the remainder when 54 is divided by 3?
0
What is the remainder when 2500 is divided by 31?
20
What is the remainder when 176 is divided by 86?
4
Calculate the remainder when 701 is divided by 11.
8
Calculate the remainder when 1047 is divided by 24.
15
What is the remainder when 423 is divided by 61?
57
Calculate the remainder when 11445 is divided by 8.
5
Calculate the remainder when 22 is divided by 11.
0
What is the remainder when 252 is divided by 127?
125
What is the remainder when 186 is divided by 27?
24
Calculate the remainder when 241 is divided by 53.
29
What is the remainder when 2468 is divided by 13?
11
Calculate the remainder when 1938 is divided by 194.
192
Calculate the remainder when 1847 is divided by 77.
76
What is the remainder when 155 is divided by 78?
77
What is the remainder when 159 is divided by 27?
24
What is the remainder when 3357 is divided by 56?
53
What is the remainder when 1255 is divided by 90?
85
Calculate the remainder when 5661 is divided by 1877.
30
What is the remainder when 2499 is divided by 10?
9
What is the remainder when 1851 is divided by 143?
135
What is the remainder when 115 is divided by 14?
3
What is the remainder when 313 is divided by 51?
7
Calculate the remainder when 5944 is divided by 205.
204
Calculate the remainder when 636 is divided by 9.
6
Calculate the remainder when 1479 is divided by 13.
10
Calculate the remainder when 382 is divided by 19.
2
What is the remainder when 82 is divided by 17?
14
What is the remainder when 63 is divided by 29?
5
Calculate the remainder when 18 is divided by 5.
3
What is the remainder when 130 is divided by 38?
16
What is the remainder when 193 is divided by 33?
28
Calculate the remainder when 156 is divided by 62.
32
What is the remainder when 792 is divided by 208?
168
Calculate the remainder when 78 is divided by 21.
15
What is the remainder when 57 is divided by 49?
8
What is the remainder when 5741 is divided by 6?
5
Calculate the remainder when 471 is divided by 452.
19
Calculate the remainder when 2699 is divided by 20.
19
Calculate the remainder when 20443 is divided by 19.
18
Calculate the remainder when 247 is divided by 8.
7
What is the remainder when 212 is divided by 24?
20
Calculate the remainder when 216 is divided by 54.
0
Calculate the remainder when 120 is divided by 45.
30
What is the remainder when 251 is divided by 14?
13
What is the remainder when 2203 is divided by 37?
20
Calculate the remainder when 6961 is divided by 59.
58
Calculate the remainder when 219 is divided by 19.
10
What is the remainder when 23097 is divided by 140?
137
Calculate the remainder when 882 is divided by 80.
2
What is the remainder when 2252 is divided by 373?
14
What is the remainder when 328 is divided by 38?
24
Calculate the remainder when 32 is divided by 12.
8
Calculate the remainder when 1276 is divided by 38.
22
What is the remainder when 1469 is divided by 49?
48
What is the remainder when 70 is divided by 64?
6
Calculate the remainder when 618 is divided by 615.
3
Calculate the remainder when 286 is divided by 172.
114
What is the remainder when 861 is divided by 108?
105
Calculate the remainder when 3057 is divided by 68.
65
Calculate the remainder when 33 is divided by 17.
16
Calculate the remainder when 207 is divided by 13.
12
Calculate the remainder when 153 is divided by 28.
13
What is the remainder when 178 is divided by 65?
48
Calculate the remainder when 407 is divided by 23.
16
Calculate the remainder when 12 is divided by 3.
0
Calculate the remainder when 11504 is divided by 39.
38
Calculate the remainder when 1370 is divided by 76.
2
Calculate the remainder when 94 is divided by 20.
14
What is the remainder when 323 is divided by 53?
5
Calculate the remainder when 12721 is divided by 4238.
7
Calculate the remainder when 204 is divided by 26.
22
What is the remainder when 293 is divided by 100?
93
Calculate the remainder when 305 is divided by 18.
17
Calculate the remainder when 1005 is divided by 87.
48
What is the remainder when 702 is divided by 44?
42
What is the remainder when 994 is divided by 145?
124
What is the remainder when 287 is divided by 29?
26
What is the remainder when 163 is divided by 58?
47
What is the remainder when 5173 is divided by 65?
38
Calculate the remainder when 447 is divided by 15.
12
Calculate the remainder when 54 is divided by 14.
12
What is the remainder when 1109 is divided by 6?
5
Calculate the remainder when 916 is divided by 131.
130
Calculate the remainder when 209 is divided by 55.
44
What is the remainder when 1238 is divided by 155?
153
Calculate the remainder when 82 is divided by 14.
12
What is the remainder when 162 is divided by 68?
26
Calculate the remainder when 1046 is divided by 348.
2
What is the remainder when 1066 is divided by 263?
14
What is the remainder when 7207 is divided by 81?
79
Calculate the remainder when 126 is divided by 42.
0
Calculate the remainder when 277 is divided by 44.
13
Calculate the remainder when 10366 is divided by 18.
16
Calculate the remainder when 230 is divided by 116.
114
Calculate the remainder when 353 is divided by 31.
12
Calculate the remainder when 2430 is divided by 2427.
3
What is the remainder when 179 is divided by 13?
10
What is the remainder when 158 is divided by 27?
23
What is the remainder when 1440 is divided by 13?
10
What is the remainder when 219 is divided by 59?
42
Calculate the remainder when 5022 is divided by 25.
22
What is the remainder when 7348 is divided by 294?
292
Calculate the remainder when 1360 is divided by 124.
120
What is the remainder when 144 is divided by 51?
42
Calculate the remainder when 1908 is divided by 62.
48
Calculate the remainder when 172 is divided by 16.
12
Calculate the remainder when 15591 is divided by 46.
43
What is the remainder when 223 is divided by 4?
3
What is the remainder when 669 is divided by 7?
4
What is the remainder when 118 is divided by 25?
18
Calculate the remainder when 112 is di